748. What is a(-5)?
18
Let u(f) = 400*f**2 - 5595*f - 93. What is u(14)?
-23
Let y(a) = -a**3 + 24*a**2 + 177*a + 25. What is y(32)?
-2503
Let d(b) = -2*b**3 - 16*b**2 - 180*b - 713. Calculate d(-6).
223
Let t(m) = -m**3 - 57*m**2 + 27*m + 71. Give t(-57).
-1468
Let p(h) = -8*h**3 + 607*h**2 + 77*h + 258. What is p(76)?
334
Let v(w) = 36*w**2 + 104*w - 326. Give v(-5).
54
Let j(x) = 6198*x + 1189996. Give j(-192).
-20
Let h(j) = -146*j**3 - 6*j**2 - 59*j - 54. Give h(-1).
145
Let u(p) = 6*p**2 - 187*p + 699. What is u(38)?
2257
Let d(k) = k**3 - 42*k**2 + 11636*k + 71546. Determine d(-6).
2
Let u(q) = 676*q - 42439. Calculate u(62).
-527
Let o(m) = 15*m**2 - 1692*m - 26620. Determine o(-14).
8
Let t(i) = i**3 + 578*i**2 - 193152*i - 710. What is t(237)?
1
Let p(y) = -945*y + 31350. Give p(33).
165
Let q(s) = -8*s**2 - 649*s - 10455. Determine q(-59).
-12
Let q(u) = -12*u**2 + 176*u + 1426. Give q(-8).
-750
Let y(t) = 1001245*t - 9011221. Give y(9).
-16
Let u(v) = 4*v**2 - 413*v + 8958. Determine u(31).
-1
Let b(k) = k**3 - 398*k**2 - 2652*k + 92118. What is b(404)?
6
Let r(j) = -27*j**3 + 241*j**2 + 29*j - 88. Determine r(9).
11
Let d(i) = -86*i**2 - 698*i + 105. Give d(-9).
-579
Let q(h) = -171*h - 20253. Determine q(-118).
-75
Let b(h) = -17311*h - 51661. Determine b(-3).
272
Let a(o) = -2*o**3 + 10*o**2 - 38*o + 35. Calculate a(8).
-653
Let p(w) = w**2 - 1794*w + 145644. Calculate p(85).
379
Let l(b) = 5414*b + 216562. What is l(-40)?
2
Let t(n) = 356*n - 1386. Calculate t(5).
394
Let a(s) = 753*s + 100944. Determine a(-134).
42
Let c(f) = -70*f - 3683. Determine c(-64).
797
Let x(p) = -6*p**3 + 34*p**2 + 302*p - 1502. Determine x(5).
108
Let z(q) = -1186*q + 54553. What is z(46)?
-3
Let t(l) = -89*l**2 - 87*l - 496. What is t(0)?
-496
Let c(u) = -4*u**3 + 47*u**2 - 118*u + 1066. Calculate c(15).
-3629
Let x(i) = 653*i - 19597. Calculate x(30).
-7
Let c(f) = 8790*f**2 - 79109*f - 9. Give c(9).
0
Let r(y) = -32*y**2 - 168*y - 68. What is r(-8)?
-772
Let m(k) = 2*k**3 + 60*k**2 + 505*k + 15143. What is m(-30)?
-7
Let s(g) = -1190*g + 13136. Determine s(11).
46
Let p(i) = -8*i**3 - 3*i**2 + 236442*i - 236439. Give p(1).
-8
Let n(g) = -1042*g + 778369. What is n(747)?
-5
Let w(t) = -2645*t - 12200. Calculate w(-5).
1025
Let k(b) = 64*b**2 + 9466*b - 757. Give k(-148).
131
Let y(h) = -5*h**2 - 10012*h - 353958. What is y(-36)?
-6
Let g(k) = k**3 - 19*k**2 - 419*k + 5813. Determine g(12).
-223
Let a(d) = -d**3 + 146*d**2 + 4866*d - 170. What is a(-28)?
-2
Let o(x) = 9*x**2 - 109*x + 43. Calculate o(6).
-287
Let u(h) = -28*h**2 + 46*h + 338. Determine u(4).
74
Let w(h) = h**3 - 164*h**2 + 480*h + 25598. Calculate w(160).
-2
Let p(w) = 52*w**2 + 1567*w - 3334. Give p(2).
8
Let s(o) = 561*o - 6256. Give s(11).
-85
Let j(m) = 4*m**2 + 267*m + 280. Determine j(-63).
-665
Let b(t) = 711*t**2 - 27021*t + 48. Give b(38).
-66
Let n(a) = -720*a + 63925. Give n(92).
-2315
Let o(j) = -278*j**2 + 55*j - 2. Determine o(-3).
-2669
Let b(d) = -3*d**3 + 5*d**2 + 42*d - 141. What is b(3)?
-51
Let l(y) = -y**3 + 5*y**2 + 925*y - 3729. Determine l(4).
-13
Let x(p) = -2*p**2 - 284*p - 2519. What is x(-134)?
-375
Let y(t) = -20*t**3 + 1207*t**2 - 407*t + 147. What is y(60)?
927
Let m(v) = -3692*v**3 + 15*v**2 - 19*v - 2. Calculate m(1).
-3698
Let s(n) = -15*n**2 - 417*n + 82. Give s(-28).
-2
Let r(q) = 23013*q + 598389. What is r(-26)?
51
Let p(c) = 116*c - 5420. Give p(46).
-84
Let z(r) = -3*r**3 - 68*r**2 - 96*r + 170. Calculate z(-21).
-19
Let d(m) = -11*m**2 - 263*m + 1. Determine d(-24).
-23
Let j(s) = -5313*s - 47909. Give j(-9).
-92
Let w(l) = -27*l**2 - 3346*l + 414. Calculate w(-124).
166
Let d(a) = 8*a**2 - 2475*a - 48971. Determine d(328).
-99
Let x(b) = -b**3 - 102*b**2 + 2*b + 10559. What is x(-101)?
156
Let j(t) = 834*t - 5755. Calculate j(5).
-1585
Let z(h) = 400*h**2 + 689200*h - 7. What is z(-1723)?
-7
Let r(d) = 488*d**2 + 4980*d + 980. Give r(-10).
-20
Let u(t) = 681*t + 2322. Determine u(-4).
-402
Let c(n) = -n**3 + 103*n**2 - 187*n + 8671. Calculate c(102).
1
Let p(a) = -78*a**2 + 706*a - 47. Calculate p(9).
-11
Let a(k) = -422*k + 148882. Give a(353).
-84
Let h(u) = -5644*u - 39446. What is h(-7)?
62
Let h(f) = -672*f - 141088. Give h(-210).
32
Let b(y) = 2*y**2 - 81*y - 3611. What is b(-33)?
1240
Let h(l) = 75646*l - 453885. What is h(6)?
-9
Let z(u) = 1513*u + 496199. Calculate z(-328).
-65
Let x(t) = -7*t**3 - 732*t**2 + 290*t - 2616. Calculate x(-105).
9
Let x(w) = -59209*w + 295952. Calculate x(5).
-93
Let v(d) = 381942*d - 3437472. Determine v(9).
6
Let v(c) = 2*c**2 - 362*c + 15608. Give v(74).
-228
Let p(s) = 237092*s - 8535301. What is p(36)?
11
Let z(m) = -m**3 + 279*m**2 + 164*m + 32498. Determine z(280).
18
Let i(c) = -3*c**3 + 875*c**2 - 25604*c - 34. What is i(33)?
98
Let y(m) = 1470*m - 887573. What is y(604)?
307
Let t(h) = 38*h + 1042. What is t(-63)?
-1352
Let s(v) = -21*v**3 + 157*v**2 - 772*v + 6885. Calculate s(8).
5
Let h(x) = 5*x**2 - 58*x - 42. Calculate h(5).
-207
Let a(x) = x**3 + 17*x**2 + 338*x - 2853. Determine a(6).
3
Let k(v) = 222*v**2 - 2665*v - 171. What is k(12)?
-183
Let n(d) = d**2 - 4*d - 3844. What is n(61)?
-367
Let h(a) = -10817*a - 1211410. Calculate h(-112).
94
Let j(w) = 4*w**3 - 941*w**2 + 223*w + 2751. What is j(235)?
-69
Let c(u) = -50*u**2 - 3907*u - 8107. Determine c(-76).
25
Let f(y) = 49773*y + 597312. Determine f(-12).
36
Let z(a) = 20777*a + 228574. Determine z(-11).
27
Let t(d) = 2*d**3 + 1191*d**2 + 15128*d - 216. Determine t(-13).
5
Let n(c) = -c**3 - 352*c**2 - 5053*c + 449. What is n(-337)?
-225
Let w(c) = -c**3 - 14*c**2 + 591*c + 11226. Calculate w(-18).
1884
Let n(t) = t**3 + 53*t**2 - 111*t - 1156. Determine n(-54).
1922
Let r(g) = -32*g + 1639. Give r(52).
-25
Let k(v) = -2327*v - 276955. Determine k(-119).
-42
Let i(o) = 24*o**3 + 336*o**2 + 12*o + 178. What is i(-14)?
10
Let n(v) = 3084*v - 144955. Give n(47).
-7
Let r(u) = 51340*u - 205368. Determine r(4).
-8
Let u(g) = 1161*g + 63850. Give u(-55).
-5
Let c(b) = 197*b - 1433. Determine c(8).
143
Let o(g) = -104*g - 3585. Calculate o(-36).
159
Let p(n) = -n**3 - 61*n**2 - 87*n + 1919. Calculate p(-59).
90
Let b(s) = -250*s**2 - 1123*s - 357. Determine b(-4).
135
Let b(i) = -4034*i - 209811. Calculate b(-52).
-43
Let p(f) = -1455551*f + 20377700. What is p(14)?
-14
Let w(z) = -2*z**2 + 907*z + 17337. Determine w(-18).
363
Let q(v) = -25*v**2 + 1679*v - 240. Give q(67).
28
Let m(i) = -1445*i + 556332. Give m(385).
7
Let g(s) = -32*s**2 - 1133*s - 1398. Calculate g(-34).
132
Let b(w) = 4*w**3 + 240*w**2 - 1017*w + 138. Give b(-64).
-310
Let z(r) = 39630*r + 3130780. Calculate z(-79).
10
Let w(b) = -238*b**3 - 62*b**2 - 32*b + 29. Give w(-1).
237
Let s(p) = 9*p**3 + 469*p**2 + 50*p - 103. Give s(-52).
1
Let m(f) = f**2 + 1975*f - 39916. Calculate m(20).
-16
Let v(u) = -u**3 + 68*u**2 - 198*u + 298. What is v(65)?
103
Let y(r) = -58408*r + 3738097. Calculate y(64).
-15
Let w(k) = -2924377*k + 11697502. Calculate w(4).
-6
Let j(v) = v**3 + 6*v**2 + 49*v - 167. Give j(-8).
-687
Let c(y) = 127487*y + 892405. What is c(-7)?
-4
Let x(n) = -2*n**2 + 15863*n - 269072. What is x(17)?
21
Let r(s) = 92295*s - 20766376. Determine r(225).
-1
Let d(w) = -522*w**2 + 1412*w + 462. Give d(3).
0
Let a(k) = -2389*k + 59469. Calculate a(25).
-256
Let i(z) = -5*z**3 + 242*z**2 + 1818*z - 161. Calculate i(55).
4
Let d(n) = -n**3 - 835*n**2 - 1569*n + 186. Determine d(-2).
-8
Let b(m) = 30*m**2 - 3543*m + 448. Calculate b(118).
94
Let k(o) = -o**3 + 105*o**2 + 2355*o + 17. What is k(124)?
-107
Let m(z) = -3*z**2 - 55052*z + 385463. Determine m(7).
-48
Let g(z) = 39*z**2 - 466*z - 435. Determine g(13).
98
Let c(x) = -187*x**3 + 59*x**2 + 282*x + 334. Give c(-2).
1502
Let f(p) = -2047000*p - 8187994. Determine f(-4).
6
Let g(j) = 2*j**3 + 190*j**2 - 1189*j + 74. What is g(6)?
212
Let b(v) = -v**3 - 12*v**2 - 6*v - 111. What is b(-8)?
-319
Let a(u) = 6*u**3 + 121*u**2 + 49*u + 538. Calculate a(-20).
-42
Let p(u) = 2484*u + 78928. Calculate p(-32).
-560
Let y(f) = -3*f**2 + 16707*f - 100180. What is y(6)?
-46
Let a(o) = -2*o**3 + 321*o**2 - 147*o - 2038. Calculate a(160).
42
Let w(j) = -j**3 - 107*j**2 - 13*j - 1557. What is w(-107)?
-166
Let x(g) = 140021*g